is the highest common factor of 369 and 27?
9
Calculate the greatest common factor of 154 and 88.
22
Calculate the highest common divisor of 260 and 4615.
65
What is the highest common factor of 54 and 2169?
9
What is the greatest common factor of 210 and 140?
70
Calculate the greatest common divisor of 112 and 9968.
112
Calculate the greatest common divisor of 4131 and 162.
81
What is the highest common factor of 192 and 84?
12
What is the greatest common factor of 168 and 2576?
56
Calculate the greatest common divisor of 99 and 27.
9
Calculate the greatest common factor of 6194 and 38.
38
What is the greatest common factor of 230 and 575?
115
What is the highest common factor of 801 and 18?
9
What is the greatest common divisor of 99 and 18?
9
What is the highest common divisor of 29 and 377?
29
What is the greatest common divisor of 190 and 55?
5
Calculate the greatest common divisor of 24752 and 221.
221
Calculate the greatest common factor of 3 and 613.
1
Calculate the highest common divisor of 132 and 561.
33
Calculate the greatest common factor of 2296 and 336.
56
What is the greatest common divisor of 25 and 175?
25
What is the highest common divisor of 16 and 304?
16
What is the greatest common factor of 20 and 3660?
20
Calculate the greatest common divisor of 3 and 219.
3
Calculate the highest common factor of 17 and 799.
17
What is the greatest common divisor of 48 and 2352?
48
Calculate the greatest common divisor of 20 and 32.
4
What is the highest common factor of 19 and 779?
19
Calculate the highest common factor of 252 and 6.
6
Calculate the highest common factor of 121 and 44.
11
Calculate the greatest common divisor of 576 and 18.
18
Calculate the highest common factor of 3 and 2883.
3
What is the highest common divisor of 30 and 14750?
10
What is the greatest common factor of 594 and 110?
22
Calculate the greatest common divisor of 228 and 324.
12
What is the greatest common divisor of 999 and 54?
27
What is the highest common factor of 24 and 1128?
24
What is the greatest common factor of 40 and 120?
40
What is the highest common divisor of 80 and 160?
80
Calculate the highest common factor of 546 and 1066.
26
Calculate the highest common divisor of 378 and 12.
6
What is the highest common divisor of 804 and 4?
4
Calculate the highest common divisor of 87 and 9.
3
Calculate the greatest common divisor of 162 and 1971.
27
Calculate the highest common divisor of 55 and 45.
5
Calculate the highest common divisor of 112 and 14.
14
What is the greatest common factor of 1596 and 63?
21
What is the greatest common factor of 140 and 20?
20
What is the greatest common factor of 470 and 10?
10
Calculate the greatest common factor of 105 and 285.
15
What is the greatest common factor of 284 and 781?
71
Calculate the greatest common factor of 80 and 432.
16
What is the greatest common factor of 3379 and 31?
31
Calculate the highest common factor of 1270 and 80.
10
Calculate the greatest common divisor of 2432 and 133.
19
Calculate the highest common factor of 7 and 301.
7
Calculate the highest common factor of 53 and 1.
1
What is the greatest common divisor of 84 and 108?
12
Calculate the greatest common divisor of 18 and 171.
9
What is the highest common factor of 28 and 518?
14
What is the greatest common factor of 527 and 34?
17
Calculate the highest common factor of 10 and 15.
5
Calculate the highest common divisor of 24 and 180.
12
Calculate the greatest common factor of 48 and 144.
48
What is the greatest common factor of 4620 and 1020?
60
Calculate the highest common factor of 9 and 333.
9
Calculate the highest common divisor of 87 and 232.
29
What is the greatest common divisor of 2173 and 41?
41
Calculate the highest common divisor of 70 and 322.
14
Calculate the greatest common factor of 27 and 207.
9
What is the highest common factor of 61 and 53741?
61
Calculate the highest common divisor of 550 and 100.
50
What is the greatest common factor of 372 and 2139?
93
What is the greatest common divisor of 140 and 2030?
70
Calculate the highest common divisor of 74 and 3478.
74
What is the greatest common divisor of 355 and 5?
5
What is the greatest common factor of 224 and 70?
14
Calculate the greatest common divisor of 22 and 3377.
11
Calculate the highest common factor of 819 and 1404.
117
Calculate the greatest common divisor of 40 and 780.
20
Calculate the highest common factor of 135 and 15309.
27
What is the highest common divisor of 1599 and 117?
39
What is the greatest common divisor of 46 and 28?
2
Calculate the highest common factor of 344 and 48.
8
What is the greatest common divisor of 528 and 33?
33
What is the highest common divisor of 15399 and 116?
29
Calculate the greatest common divisor of 2466 and 279.
9
Calculate the highest common divisor of 143 and 1287.
143
What is the greatest common factor of 31866 and 113?
113
Calculate the greatest common divisor of 273 and 364.
91
Calculate the highest common divisor of 24 and 3144.
24
Calculate the greatest common factor of 29 and 1102.
29
What is the greatest common divisor of 25 and 625?
25
What is the greatest common divisor of 280 and 2730?
70
What is the greatest common divisor of 528 and 10692?
132
Calculate the highest common factor of 72 and 36.
36
What is the highest common factor of 1140 and 252?
12
What is the greatest common divisor of 78 and 247?
13
Calculate the highest common factor of 224 and 3416.
56
Calculate the highest common divisor of 324 and 12.
12
What is the greatest common factor of 24 and 7692?
12
Calculate the greatest common divisor of 2002 and 2860.
286
What is the greatest common factor of 1254 and 152?
38
What is the highest common divisor of 231 and 9625?
77
What is the highest common divisor of 21 and 147?
21
Calculate the highest common divisor of 259 and 5.
1
Calculate the greatest common divisor of 10 and 145.
5
What is the greatest common divisor of 72 and 824?
8
What is the highest common divisor of 17 and 221?
17
What is the highest common factor of 7 and 56?
7
Calculate the highest common factor of 7084 and 184.
92
What is the highest common divisor of 36 and 27?
9
Calculate the greatest common factor of 540 and 45.
45
Calculate the highest common factor of 26 and 12974.
26
Calculate the greatest common factor of 880 and 55.
55
What is the greatest common factor of 1558 and 82?
82
What is the greatest common divisor of 16875 and 9?
9
What is the highest common factor of 1 and 71?
1
Calculate the greatest common divisor of 6138 and 9.
9
What is the highest common factor of 3944 and 102?
34
What is the greatest common divisor of 60536 and 92?
92
What is the highest common factor of 1053 and 39?
39
Calculate the greatest common factor of 749 and 14.
7
Calculate the greatest common factor of 4224 and 1728.
192
What is the greatest common factor of 230 and 35305?
115
What is the highest common factor of 350 and 50?
50
What is the greatest common factor of 4092 and 24?
12
What is the greatest common divisor of 11 and 5?
1
Calculate the highest common factor of 288 and 2768.
16
Calculate the highest common divisor of 10 and 275.
5
What is the greatest common factor of 24 and 40?
8
Calculate the greatest common factor of 7098 and 42.
42
What is the greatest common divisor of 59 and 1180?
59
Calculate the highest common divisor of 77 and 4774.
77
Calculate the greatest common divisor of 8 and 2056.
8
What is the greatest common divisor of 279 and 9?
9
What is the greatest common divisor of 506 and 66?
22
What is the highest common divisor of 432 and 1072?
16
What is the highest common factor of 18 and 138?
6
What is the highest common factor of 518 and 70?
14
Calculate the highest common factor of 89 and 2047.
89
Calculate the highest common divisor of 1780 and 220.
20
Calculate the highest common divisor of 216 and 24.
24
Calculate the highest common factor of 19452 and 12.
12
Calculate the greatest common divisor of 1524 and 12.
12
Calculate the greatest common divisor of 1807 and 1251.
139
Calculate the highest common factor of 689 and 265.
53
Calculate the greatest common factor of 9 and 2817.
9
Calculate the highest common factor of 123 and 656.
41
What is the greatest common divisor of 1421 and 49?
49
What is the greatest com